at is the ten thousands digit of 1305736?
0
What is the hundreds digit of 92255?
2
What is the ten millions digit of 21100813?
2
What is the hundreds digit of 230834?
8
What is the tens digit of 3444232?
3
What is the hundreds digit of 13287962?
9
What is the thousands digit of 185417?
5
What is the hundred thousands digit of 3901241?
9
What is the thousands digit of 1133070?
3
What is the tens digit of 21988297?
9
What is the ten thousands digit of 20343250?
4
What is the hundreds digit of 354173?
1
What is the thousands digit of 794674?
4
What is the ten thousands digit of 4338815?
3
What is the tens digit of 8505730?
3
What is the ten thousands digit of 9253006?
5
What is the millions digit of 12162977?
2
What is the ten millions digit of 22342097?
2
What is the hundreds digit of 668612?
6
What is the thousands digit of 486308?
6
What is the hundred thousands digit of 426983?
4
What is the units digit of 154959?
9
What is the hundreds digit of 1308207?
2
What is the hundreds digit of 973760?
7
What is the thousands digit of 919381?
9
What is the thousands digit of 190021?
0
What is the hundreds digit of 13357570?
5
What is the hundreds digit of 633553?
5
What is the ten thousands digit of 18704?
1
What is the hundred thousands digit of 2900646?
9
What is the hundreds digit of 262362?
3
What is the ten thousands digit of 5371860?
7
What is the millions digit of 10512016?
0
What is the ten thousands digit of 99343?
9
What is the units digit of 590502?
2
What is the units digit of 1784790?
0
What is the units digit of 808546?
6
What is the hundred thousands digit of 2838051?
8
What is the ten thousands digit of 2421806?
2
What is the thousands digit of 206650?
6
What is the hundreds digit of 6283875?
8
What is the tens digit of 211661?
6
What is the hundreds digit of 314267?
2
What is the units digit of 1933881?
1
What is the millions digit of 19828389?
9
What is the thousands digit of 959179?
9
What is the thousands digit of 132853?
2
What is the millions digit of 28212161?
8
What is the hundreds digit of 2653398?
3
What is the millions digit of 24492704?
4
What is the hundred thousands digit of 465183?
4
What is the tens digit of 8659?
5
What is the thousands digit of 1609090?
9
What is the hundred thousands digit of 19922064?
9
What is the hundred thousands digit of 9738864?
7
What is the thousands digit of 7042788?
2
What is the hundred thousands digit of 119448?
1
What is the hundred thousands digit of 2494098?
4
What is the hundred thousands digit of 2720571?
7
What is the hundred thousands digit of 2092998?
0
What is the millions digit of 1974135?
1
What is the tens digit of 634724?
2
What is the ten thousands digit of 11639586?
3
What is the tens digit of 209288?
8
What is the ten thousands digit of 11414023?
1
What is the hundred thousands digit of 441989?
4
What is the thousands digit of 174937?
4
What is the units digit of 1988008?
8
What is the ten thousands digit of 2422246?
2
What is the hundred thousands digit of 316071?
3
What is the ten thousands digit of 38546992?
4
What is the tens digit of 3001387?
8
What is the thousands digit of 2239111?
9
What is the tens digit of 126631?
3
What is the ten millions digit of 14493034?
1
What is the tens digit of 661576?
7
What is the ten thousands digit of 25664?
2
What is the hundred thousands digit of 206498?
2
What is the tens digit of 182337?
3
What is the hundreds digit of 779161?
1
What is the units digit of 53420?
0
What is the ten thousands digit of 654346?
5
What is the ten thousands digit of 595078?
9
What is the units digit of 79649?
9
What is the ten thousands digit of 58056?
5
What is the tens digit of 172452?
5
What is the units digit of 445942?
2
What is the ten thousands digit of 319449?
1
What is the units digit of 14003833?
3
What is the ten millions digit of 11590109?
1
What is the hundred thousands digit of 104455?
1
What is the hundreds digit of 10031395?
3
What is the thousands digit of 193510?
3
What is the units digit of 17382886?
6
What is the hundreds digit of 9711275?
2
What is the hundreds digit of 4193578?
5
What is the ten thousands digit of 24417?
2
What is the ten millions digit of 23373418?
2
What is the hundred thousands digit of 144388?
1
What is the hundred thousands digit of 920046?
9
What is the tens digit of 3618396?
9
What is the thousands digit of 386414?
6
What is the thousands digit of 74396?
4
What is the thousands digit of 78662?
8
What is the units digit of 1625569?
9
What is the hundreds digit of 354541?
5
What is the tens digit of 6417?
1
What is the units digit of 14441394?
4
What is the ten millions digit of 10002259?
1
What is the thousands digit of 5936?
5
What is the hundred thousands digit of 907110?
9
What is the millions digit of 5624223?
5
What is the hundreds digit of 1560612?
6
What is the hundred thousands digit of 6862417?
8
What is the ten thousands digit of 570558?
7
What is the hundred thousands digit of 688716?
6
What is the thousands digit of 31856?
1
What is the thousands digit of 836140?
6
What is the hundreds digit of 667129?
1
What is the millions digit of 14440944?
4
What is the hundred thousands digit of 1024693?
0
What is the thousands digit of 787742?
7
What is the units digit of 1870056?
6
What is the ten thousands digit of 1546745?
4
What is the hundred thousands digit of 135981?
1
What is the units digit of 1237085?
5
What is the hundreds digit of 751624?
6
What is the thousands digit of 5145258?
5
What is the units digit of 27688?
8
What is the units digit of 79156?
6
What is the hundreds digit of 4449105?
1
What is the ten thousands digit of 120225?
2
What is the hundreds digit of 822396?
3
What is the tens digit of 346722?
2
What is the ten thousands digit of 7261487?
6
What is the ten thousands digit of 3292514?
9
What is the thousands digit of 421351?
1
What is the hundreds digit of 331622?
6
What is the thousands digit of 2463048?
3
What is the millions digit of 13078008?
3
What is the millions digit of 4343726?
4
What is the ten thousands digit of 7968014?
6
What is the hundreds digit of 160222?
2
What is the millions digit of 1332443?
1
What is the millions digit of 8469383?
8
What is the ten thousands digit of 806806?
0
What is the hundreds digit of 3895611?
6
What is the hundreds digit of 80690?
6
What is the tens digit of 3307221?
2
What is the ten thousands digit of 210334?
1
What is the millions digit of 1211110?
1
What is the units digit of 8096171?
1
What is the tens digit of 4785049?
4
What is the hundreds digit of 1980359?
3
What is the hundreds digit of 8896040?
0
What is the ten thousands digit of 8729146?
2
What is the millions digit of 6800741?
6
What is the units digit of 791906?
6
What is the tens digit of 27220466?
6
What is the units digit of 204009?
9
What is the tens digit of 210846?
4
What is the thousands digit of 6625736?
5
What is the tens digit of 90614?
1
What is the ten thousands digit of 58097?
5
What is the hundred thousands digit of 956552?
9
What is the thousands digit of 1009458?
9
What is the millions digit of 9002993?
9
What is the hundreds digit of 3617529?
5
What is the units digit of 794784?
4
What is the thousands digit of 2326618?
6
What is the units digit of 4115801?
1
What is the tens digit of 4709073?
7
What is the hundreds digit of 3363919?
9
What is the tens digit of 17042978?
7
What is the hundreds digit of 8709241?
2
What is the hundreds digit of 4178077?
0
What is the ten thousands digit of 123453?
2
What is the units digit of 2198073?
3
What is the thousands digit of 29564?
9
What is the thousands digit of 4113342?
3
What is the hundred thousands digit of 482327?
4
What is the thousands digit of 62190?
2
What is the ten thousands digit of 109125?
0
What is the hundred thousands digit of 224136?
2
What is the units digit of 3748972?
2
What is the units digit of 227136?
6
What is the thousands digit of 353396?
3
What is the hundred thousands digit of 8175137?
1
What is the millions digit of 3884560?
3
What is the hundred thousands digit of 1165609?
1
What is the thousands digit of 4052349?
2
What is the ten thousands digit of 387600?
8
What is the hundreds digit of 747629?
6
What is the ten thousands digit of 62147?
6
What is the thousands digit of 773811?